{"id":9126,"date":"2021-09-11T15:42:26","date_gmt":"2021-09-11T13:42:26","guid":{"rendered":"https:\/\/projectes.xtec.cat\/xtcd\/?page_id=9126"},"modified":"2024-06-01T00:09:02","modified_gmt":"2024-05-31T22:09:02","slug":"que-es-la-xarxa-territorial-de-cultura-digital","status":"publish","type":"page","link":"https:\/\/projectes.xtec.cat\/xtcd\/que-es-la-xarxa-territorial-de-cultura-digital\/","title":{"rendered":"Qu\u00e8 \u00e9s la Xarxa territorial de Cultura digital?"},"content":{"rendered":"\n<div class=\"wp-block-getwid-section alignfull alignfull\"><div class=\"wp-block-getwid-section__wrapper\"><div class=\"wp-block-getwid-section__inner-wrapper\"><div class=\"wp-block-getwid-section__background-holder\"><div class=\"wp-block-getwid-section__background\"><\/div><div class=\"wp-block-getwid-section__foreground\"><\/div><\/div><div class=\"wp-block-getwid-section__content\"><div class=\"wp-block-getwid-section__inner-content\">\n<h2 class=\"wp-block-heading\">Objectius<\/h2>\n\n\n\n<p>L\u2019objectiu d\u2019aquesta proposta \u00e9s intercanviar i compartir experi\u00e8ncies d\u2019aula i de centre, sumar i enriquir la feina que ja s\u2019est\u00e0 fent arreu del territori, tot potenciant el treball en xarxa i facilitant, des de l\u2019\u00c0rea de Cultura Digital, espais de coordinaci\u00f3 i documentaci\u00f3 sobre temes espec\u00edfics.<\/p>\n\n\n\n<p>Com a element dinamitzador, la Xarxa territorial de Cultura digital, programa diverses sessions distribu\u00efdes durant tot el curs. En general, cada sessi\u00f3 est\u00e0 formada per:<\/p>\n\n\n\n<div style=\"height:39px\" aria-hidden=\"true\" class=\"wp-block-spacer\"><\/div>\n\n\n\n<div class=\"wp-block-columns is-layout-flex wp-container-core-columns-is-layout-1 wp-block-columns-is-layout-flex\">\n<div class=\"wp-block-column is-layout-flow wp-block-column-is-layout-flow\">\n<figure class=\"wp-block-image aligncenter size-large is-resized\"><a href=\"https:\/\/projectes.xtec.cat\/xtcd\/wp-content\/uploads\/usu1403\/2021\/09\/video-conference-e1627805351551.png\"><img loading=\"lazy\" decoding=\"async\" width=\"480\" height=\"342\" src=\"https:\/\/projectes.xtec.cat\/xtcd\/wp-content\/uploads\/usu1403\/2021\/09\/video-conference-e1627805351551.png\" alt=\"\" class=\"wp-image-9203\" style=\"aspect-ratio:1.4035087719298245;width:139px;height:auto\" srcset=\"https:\/\/projectes.xtec.cat\/xtcd\/wp-content\/uploads\/usu1403\/2021\/09\/video-conference-e1627805351551.png 480w, https:\/\/projectes.xtec.cat\/xtcd\/wp-content\/uploads\/usu1403\/2021\/09\/video-conference-e1627805351551-300x214.png 300w\" sizes=\"auto, (max-width: 480px) 100vw, 480px\" \/><\/a><\/figure>\n\n\n\n<h2 class=\"wp-block-heading has-text-align-center\">Seminaris web<\/h2>\n\n\n\n<p>Durant el curs hi ha diferents <a href=\"https:\/\/projectes.xtec.cat\/xtcd\/sessions-2023-24\/\">seminaris web<\/a> amb pon\u00e8ncies d&#8217;experts i experi\u00e8ncies de centre.<\/p>\n<\/div>\n\n\n\n<div class=\"wp-block-column is-layout-flow wp-block-column-is-layout-flow\">\n<figure class=\"wp-block-image aligncenter size-large is-resized\"><a href=\"https:\/\/projectes.xtec.cat\/xtcd\/wp-content\/uploads\/usu1403\/2021\/09\/group-task.png\"><img loading=\"lazy\" decoding=\"async\" width=\"480\" height=\"480\" src=\"https:\/\/projectes.xtec.cat\/xtcd\/wp-content\/uploads\/usu1403\/2021\/09\/group-task.png\" alt=\"\" class=\"wp-image-9184\" style=\"aspect-ratio:1;width:100px;height:auto\" srcset=\"https:\/\/projectes.xtec.cat\/xtcd\/wp-content\/uploads\/usu1403\/2021\/09\/group-task.png 480w, https:\/\/projectes.xtec.cat\/xtcd\/wp-content\/uploads\/usu1403\/2021\/09\/group-task-300x300.png 300w, https:\/\/projectes.xtec.cat\/xtcd\/wp-content\/uploads\/usu1403\/2021\/09\/group-task-150x150.png 150w\" sizes=\"auto, (max-width: 480px) 100vw, 480px\" \/><\/a><\/figure>\n\n\n\n<h2 class=\"wp-block-heading has-text-align-center\">Seminaris territorials<\/h2>\n\n\n\n<p>Els centres de recursos pedag\u00f2gics (CRPs), que formen part dels <a rel=\"noreferrer noopener\" href=\"https:\/\/serveiseducatius.xtec.cat\/se-index\/\" target=\"_blank\">Serveis educatius<\/a>, organitzen seminaris relacionats amb els seminaris web adaptant i complementant els continguts a les necessitats dels centres.<\/p>\n<\/div>\n\n\n\n<div class=\"wp-block-column is-layout-flow wp-block-column-is-layout-flow\">\n<figure class=\"wp-block-image aligncenter size-large is-resized\"><a href=\"https:\/\/projectes.xtec.cat\/xtcd\/wp-content\/uploads\/usu1403\/2021\/09\/nus_logo_negre.png\"><img loading=\"lazy\" decoding=\"async\" width=\"500\" height=\"517\" src=\"https:\/\/projectes.xtec.cat\/xtcd\/wp-content\/uploads\/usu1403\/2021\/09\/nus_logo_negre.png\" alt=\"\" class=\"wp-image-9185\" style=\"aspect-ratio:0.9671179883945842;width:82px;height:auto\" srcset=\"https:\/\/projectes.xtec.cat\/xtcd\/wp-content\/uploads\/usu1403\/2021\/09\/nus_logo_negre.png 500w, https:\/\/projectes.xtec.cat\/xtcd\/wp-content\/uploads\/usu1403\/2021\/09\/nus_logo_negre-290x300.png 290w\" sizes=\"auto, (max-width: 500px) 100vw, 500px\" \/><\/a><\/figure>\n\n\n\n<h2 class=\"wp-block-heading has-text-align-center\">Nus<\/h2>\n\n\n\n<p>S&#8217;estableixen converses i debats sobre els temes tractats als seminaris en una plataforma virtual anomenada <a rel=\"noreferrer noopener\" href=\"https:\/\/comunitat.edigital.cat\/\" target=\"_blank\">Nus<\/a>.<\/p>\n<\/div>\n<\/div>\n\n\n\n<div style=\"height:30px\" aria-hidden=\"true\" class=\"wp-block-spacer\"><\/div>\n<\/div><\/div><\/div><\/div><\/div>\n\n\n\n<div class=\"wp-block-getwid-section alignfull alignfull\"><div class=\"wp-block-getwid-section__wrapper\"><div class=\"wp-block-getwid-section__inner-wrapper\"><div class=\"wp-block-getwid-section__background-holder\"><div class=\"wp-block-getwid-section__background has-background has-ast-global-color-4-background-color\"><\/div><div class=\"wp-block-getwid-section__foreground\"><\/div><\/div><div class=\"wp-block-getwid-section__content\"><div class=\"wp-block-getwid-section__inner-content\">\n<div style=\"height:40px\" aria-hidden=\"true\" class=\"wp-block-spacer\"><\/div>\n\n\n\n<p>La Xarxa territorial de Cultura digital es divideix en 2 subxarxes per atendre a dos col\u00b7lectius diferents: <\/p>\n\n\n\n<div style=\"height:30px\" aria-hidden=\"true\" class=\"wp-block-spacer\"><\/div>\n\n\n\n<div class=\"wp-block-columns is-layout-flex wp-container-core-columns-is-layout-2 wp-block-columns-is-layout-flex\">\n<div class=\"wp-block-column caixa is-layout-flow wp-block-column-is-layout-flow\">\n<h2 class=\"wp-block-heading\">Comissi\u00f3 digital de centre<\/h2>\n\n\n\n<p>Es focalitza en donar suport als membres de la comissi\u00f3 digital per millorar, de forma transversal, la compet\u00e8ncia digital de l\u2019alumnat, impulsant la necess\u00e0ria transformaci\u00f3 digital dels centres a trav\u00e9s de l\u2019EDC<\/p>\n\n\n\n<div style=\"height:20px\" aria-hidden=\"true\" class=\"wp-block-spacer\"><\/div>\n\n\n\n<div class=\"wp-block-buttons is-horizontal is-content-justification-center is-layout-flex wp-container-core-buttons-is-layout-1 wp-block-buttons-is-layout-flex\">\n<div class=\"wp-block-button is-style-outline is-style-outline--1\"><a class=\"wp-block-button__link wp-element-button\" href=\"https:\/\/projectes.xtec.cat\/xtcd\/subxarxa-de-la-comissio-digital-de-centre-comd\/\" target=\"_blank\" rel=\"noreferrer noopener\">Anar a la subxarxa <\/a><\/div>\n<\/div>\n<\/div>\n\n\n\n<div class=\"wp-block-column caixa is-layout-flow wp-block-column-is-layout-flow\">\n<h2 class=\"wp-block-heading\">Coordinaci\u00f3 digital de centre<\/h2>\n\n\n\n<p>Punt de trobada dels coordinadors i coordinadores digitals dels centres educatius. Un espai per parlar de com dinamitzar la transformaci\u00f3 digital als centres i la gesti\u00f3 dels equips, serveis i infraestructures digitals per garantir aquesta transformaci\u00f3.<\/p>\n\n\n\n<div style=\"height:20px\" aria-hidden=\"true\" class=\"wp-block-spacer\"><\/div>\n\n\n\n<div class=\"wp-block-buttons is-horizontal is-content-justification-center is-layout-flex wp-container-core-buttons-is-layout-2 wp-block-buttons-is-layout-flex\">\n<div class=\"wp-block-button is-style-outline is-style-outline--2\"><a class=\"wp-block-button__link wp-element-button\" href=\"https:\/\/projectes.xtec.cat\/xtcd\/coordinacio-digital-de-centre\/\" target=\"_blank\" rel=\"noreferrer noopener\">Anar a la subxarxa CDC<\/a><\/div>\n<\/div>\n<\/div>\n<\/div>\n\n\n\n<div style=\"height:40px\" aria-hidden=\"true\" class=\"wp-block-spacer\"><\/div>\n<\/div><\/div><\/div><\/div><\/div>\n","protected":false},"excerpt":{"rendered":"","protected":false},"author":2,"featured_media":0,"parent":0,"menu_order":0,"comment_status":"closed","ping_status":"closed","template":"","meta":{"site-sidebar-layout":"no-sidebar","site-content-layout":"page-builder","ast-site-content-layout":"full-width-container","site-content-style":"unboxed","site-sidebar-style":"unboxed","ast-global-header-display":"","ast-banner-title-visibility":"","ast-main-header-display":"","ast-hfb-above-header-display":"","ast-hfb-below-header-display":"","ast-hfb-mobile-header-display":"","site-post-title":"","ast-breadcrumbs-content":"","ast-featured-img":"","footer-sml-layout":"","theme-transparent-header-meta":"default","adv-header-id-meta":"","stick-header-meta":"default","header-above-stick-meta":"","header-main-stick-meta":"","header-below-stick-meta":"","astra-migrate-meta-layouts":"set","ast-page-background-enabled":"default","ast-page-background-meta":{"desktop":{"background-color":"","background-image":"","background-repeat":"repeat","background-position":"center center","background-size":"auto","background-attachment":"scroll","background-type":"","background-media":"","overlay-type":"","overlay-color":"","overlay-opacity":"","overlay-gradient":""},"tablet":{"background-color":"","background-image":"","background-repeat":"repeat","background-position":"center center","background-size":"auto","background-attachment":"scroll","background-type":"","background-media":"","overlay-type":"","overlay-color":"","overlay-opacity":"","overlay-gradient":""},"mobile":{"background-color":"","background-image":"","background-repeat":"repeat","background-position":"center center","background-size":"auto","background-attachment":"scroll","background-type":"","background-media":"","overlay-type":"","overlay-color":"","overlay-opacity":"","overlay-gradient":""}},"ast-content-background-meta":{"desktop":{"background-color":"var(--ast-global-color-5)","background-image":"","background-repeat":"repeat","background-position":"center center","background-size":"auto","background-attachment":"scroll","background-type":"","background-media":"","overlay-type":"","overlay-color":"","overlay-opacity":"","overlay-gradient":""},"tablet":{"background-color":"var(--ast-global-color-5)","background-image":"","background-repeat":"repeat","background-position":"center center","background-size":"auto","background-attachment":"scroll","background-type":"","background-media":"","overlay-type":"","overlay-color":"","overlay-opacity":"","overlay-gradient":""},"mobile":{"background-color":"var(--ast-global-color-5)","background-image":"","background-repeat":"repeat","background-position":"center center","background-size":"auto","background-attachment":"scroll","background-type":"","background-media":"","overlay-type":"","overlay-color":"","overlay-opacity":"","overlay-gradient":""}},"footnotes":""},"class_list":["post-9126","page","type-page","status-publish","hentry"],"_links":{"self":[{"href":"https:\/\/projectes.xtec.cat\/xtcd\/wp-json\/wp\/v2\/pages\/9126","targetHints":{"allow":["GET"]}}],"collection":[{"href":"https:\/\/projectes.xtec.cat\/xtcd\/wp-json\/wp\/v2\/pages"}],"about":[{"href":"https:\/\/projectes.xtec.cat\/xtcd\/wp-json\/wp\/v2\/types\/page"}],"author":[{"embeddable":true,"href":"https:\/\/projectes.xtec.cat\/xtcd\/wp-json\/wp\/v2\/users\/2"}],"replies":[{"embeddable":true,"href":"https:\/\/projectes.xtec.cat\/xtcd\/wp-json\/wp\/v2\/comments?post=9126"}],"version-history":[{"count":6,"href":"https:\/\/projectes.xtec.cat\/xtcd\/wp-json\/wp\/v2\/pages\/9126\/revisions"}],"predecessor-version":[{"id":13317,"href":"https:\/\/projectes.xtec.cat\/xtcd\/wp-json\/wp\/v2\/pages\/9126\/revisions\/13317"}],"wp:attachment":[{"href":"https:\/\/projectes.xtec.cat\/xtcd\/wp-json\/wp\/v2\/media?parent=9126"}],"curies":[{"name":"wp","href":"https:\/\/api.w.org\/{rel}","templated":true}]}}

Què és la Xarxa territorial de Cultura digital?

<div class="wp-block-getwid-section alignfull alignfull"><div class="wp-block-getwid-section__wrapper"><div class="wp-block-getwid-section__inner-wrapper"><div class="wp-block-getwid-section__background-holder"><div class="wp-block-getwid-section__background"></div><div class="wp-block-getwid-section__foreground"></div></div><div class="wp-block-getwid-section__content"><div class="wp-block-getwid-section__inner-content">
<h2 class="wp-block-heading">Objectius</h2>



<p>L’objectiu d’aquesta proposta és intercanviar i compartir experiències d’aula i de centre, sumar i enriquir la feina que ja s’està fent arreu del territori, tot potenciant el treball en xarxa i facilitant, des de l’Àrea de Cultura Digital, espais de coordinació i documentació sobre temes específics.</p>



<p>Com a element dinamitzador, la Xarxa territorial de Cultura digital, programa diverses sessions distribuïdes durant tot el curs. En general, cada sessió està formada per:</p>



<div style="height:39px" aria-hidden="true" class="wp-block-spacer"></div>



<div class="wp-block-columns is-layout-flex wp-container-core-columns-is-layout-1 wp-block-columns-is-layout-flex">
<div class="wp-block-column is-layout-flow wp-block-column-is-layout-flow">
<figure class="wp-block-image aligncenter size-large is-resized"><a href="https://projectes.xtec.cat/xtcd/wp-content/uploads/usu1403/2021/09/video-conference-e1627805351551.png"><img loading="lazy" decoding="async" width="480" height="342" src="https://projectes.xtec.cat/xtcd/wp-content/uploads/usu1403/2021/09/video-conference-e1627805351551.png" alt="" class="wp-image-9203" style="aspect-ratio:1.4035087719298245;width:139px;height:auto" srcset="https://projectes.xtec.cat/xtcd/wp-content/uploads/usu1403/2021/09/video-conference-e1627805351551.png 480w, https://projectes.xtec.cat/xtcd/wp-content/uploads/usu1403/2021/09/video-conference-e1627805351551-300x214.png 300w" sizes="auto, (max-width: 480px) 100vw, 480px" /></a></figure>



<h2 class="wp-block-heading has-text-align-center">Seminaris web</h2>



<p>Durant el curs hi ha diferents <a href="https://projectes.xtec.cat/xtcd/sessions-2023-24/">seminaris web</a> amb ponències d&#8217;experts i experiències de centre.</p>
</div>



<div class="wp-block-column is-layout-flow wp-block-column-is-layout-flow">
<figure class="wp-block-image aligncenter size-large is-resized"><a href="https://projectes.xtec.cat/xtcd/wp-content/uploads/usu1403/2021/09/group-task.png"><img loading="lazy" decoding="async" width="480" height="480" src="https://projectes.xtec.cat/xtcd/wp-content/uploads/usu1403/2021/09/group-task.png" alt="" class="wp-image-9184" style="aspect-ratio:1;width:100px;height:auto" srcset="https://projectes.xtec.cat/xtcd/wp-content/uploads/usu1403/2021/09/group-task.png 480w, https://projectes.xtec.cat/xtcd/wp-content/uploads/usu1403/2021/09/group-task-300x300.png 300w, https://projectes.xtec.cat/xtcd/wp-content/uploads/usu1403/2021/09/group-task-150x150.png 150w" sizes="auto, (max-width: 480px) 100vw, 480px" /></a></figure>



<h2 class="wp-block-heading has-text-align-center">Seminaris territorials</h2>



<p>Els centres de recursos pedagògics (CRPs), que formen part dels <a rel="noreferrer noopener" href="https://serveiseducatius.xtec.cat/se-index/" target="_blank">Serveis educatius</a>, organitzen seminaris relacionats amb els seminaris web adaptant i complementant els continguts a les necessitats dels centres.</p>
</div>



<div class="wp-block-column is-layout-flow wp-block-column-is-layout-flow">
<figure class="wp-block-image aligncenter size-large is-resized"><a href="https://projectes.xtec.cat/xtcd/wp-content/uploads/usu1403/2021/09/nus_logo_negre.png"><img loading="lazy" decoding="async" width="500" height="517" src="https://projectes.xtec.cat/xtcd/wp-content/uploads/usu1403/2021/09/nus_logo_negre.png" alt="" class="wp-image-9185" style="aspect-ratio:0.9671179883945842;width:82px;height:auto" srcset="https://projectes.xtec.cat/xtcd/wp-content/uploads/usu1403/2021/09/nus_logo_negre.png 500w, https://projectes.xtec.cat/xtcd/wp-content/uploads/usu1403/2021/09/nus_logo_negre-290x300.png 290w" sizes="auto, (max-width: 500px) 100vw, 500px" /></a></figure>



<h2 class="wp-block-heading has-text-align-center">Nus</h2>



<p>S&#8217;estableixen converses i debats sobre els temes tractats als seminaris en una plataforma virtual anomenada <a rel="noreferrer noopener" href="https://comunitat.edigital.cat/" target="_blank">Nus</a>.</p>
</div>
</div>



<div style="height:30px" aria-hidden="true" class="wp-block-spacer"></div>
</div></div></div></div></div>



<div class="wp-block-getwid-section alignfull alignfull"><div class="wp-block-getwid-section__wrapper"><div class="wp-block-getwid-section__inner-wrapper"><div class="wp-block-getwid-section__background-holder"><div class="wp-block-getwid-section__background has-background has-ast-global-color-4-background-color"></div><div class="wp-block-getwid-section__foreground"></div></div><div class="wp-block-getwid-section__content"><div class="wp-block-getwid-section__inner-content">
<div style="height:40px" aria-hidden="true" class="wp-block-spacer"></div>



<p>La Xarxa territorial de Cultura digital es divideix en 2 subxarxes per atendre a dos col·lectius diferents: </p>



<div style="height:30px" aria-hidden="true" class="wp-block-spacer"></div>



<div class="wp-block-columns is-layout-flex wp-container-core-columns-is-layout-2 wp-block-columns-is-layout-flex">
<div class="wp-block-column caixa is-layout-flow wp-block-column-is-layout-flow">
<h2 class="wp-block-heading">Comissió digital de centre</h2>



<p>Es focalitza en donar suport als membres de la comissió digital per millorar, de forma transversal, la competència digital de l’alumnat, impulsant la necessària transformació digital dels centres a través de l’EDC</p>



<div style="height:20px" aria-hidden="true" class="wp-block-spacer"></div>



<div class="wp-block-buttons is-horizontal is-content-justification-center is-layout-flex wp-container-core-buttons-is-layout-1 wp-block-buttons-is-layout-flex">
<div class="wp-block-button is-style-outline is-style-outline--1"><a class="wp-block-button__link wp-element-button" href="https://projectes.xtec.cat/xtcd/subxarxa-de-la-comissio-digital-de-centre-comd/" target="_blank" rel="noreferrer noopener">Anar a la subxarxa </a></div>
</div>
</div>



<div class="wp-block-column caixa is-layout-flow wp-block-column-is-layout-flow">
<h2 class="wp-block-heading">Coordinació digital de centre</h2>



<p>Punt de trobada dels coordinadors i coordinadores digitals dels centres educatius. Un espai per parlar de com dinamitzar la transformació digital als centres i la gestió dels equips, serveis i infraestructures digitals per garantir aquesta transformació.</p>



<div style="height:20px" aria-hidden="true" class="wp-block-spacer"></div>



<div class="wp-block-buttons is-horizontal is-content-justification-center is-layout-flex wp-container-core-buttons-is-layout-2 wp-block-buttons-is-layout-flex">
<div class="wp-block-button is-style-outline is-style-outline--2"><a class="wp-block-button__link wp-element-button" href="https://projectes.xtec.cat/xtcd/coordinacio-digital-de-centre/" target="_blank" rel="noreferrer noopener">Anar a la subxarxa CDC</a></div>
</div>
</div>
</div>



<div style="height:40px" aria-hidden="true" class="wp-block-spacer"></div>
</div></div></div></div></div>
