{"id":9281,"date":"2021-09-11T22:28:50","date_gmt":"2021-09-11T20:28:50","guid":{"rendered":"https:\/\/projectes.xtec.cat\/xtcd\/?page_id=9281"},"modified":"2024-05-12T14:04:57","modified_gmt":"2024-05-12T12:04:57","slug":"sessions-2019-20","status":"publish","type":"page","link":"https:\/\/projectes.xtec.cat\/xtcd\/sessions-2019-20\/","title":{"rendered":"Sessions 2019-20"},"content":{"rendered":"\n<div class=\"wp-block-getwid-section\"><div class=\"wp-block-getwid-section__wrapper\"><div class=\"wp-block-getwid-section__inner-wrapper\"><div class=\"wp-block-getwid-section__background-holder\"><div class=\"wp-block-getwid-section__background\"><\/div><div class=\"wp-block-getwid-section__foreground\"><\/div><\/div><div class=\"wp-block-getwid-section__content\"><div class=\"wp-block-getwid-section__inner-content\">\n<div class=\"sessions-list\">\n<div class=\"seccio gris-petita\">\n<p class=\"text-destacat\">Els <strong>Seminaris TAC<\/strong> passen a anomenar-se <strong>Xarxa Territorial de Cultura Digital<\/strong>. Al llarg de les quatre primeres sessions es desenvolupa una proposta did\u00e0ctica basada en un <strong>Objectiu de Desenvolupament Sostenible<\/strong> (ODS) per\u00f2 que integri diverses metodologies, temes i estrat\u00e8gies. A la cinquena sessi\u00f3 es presenten les produccions creades al seminari o elaboracions externes incloses en altres projectes com <strong>m\u00f2bils.edu<\/strong>, <strong>Transformaci\u00f3 digital<\/strong> i altres.<\/p>\n<\/div>\n<div class=\"seccio\">\n<div class=\"wp-block-columns\">\n<div class=\"wp-block-column sessio\" data-aos=\"fade-right\" data-aos-duration=\"1500\">\n<h2>Sessi\u00f3 1<\/h2>\n<h3>Programaci\u00f3 i rob\u00f2tica educatives<\/h3>\n<p><img loading=\"lazy\" decoding=\"async\" class=\"alignright wp-image-9218\" src=\"https:\/\/projectes.xtec.cat\/repo\/wp-content\/uploads\/usu2637\/2021\/08\/checklist.png\" alt=\"\" width=\"158\" height=\"158\" \/>A part de presentar la nova Xarxa territorial de Cultura digital, els seus eixos tem\u00e0tics i l&#8217;estructura global dels seminaris, aquesta primera sessi\u00f3 se centra en la <strong>Programaci\u00f3 i rob\u00f2tica educatives<\/strong>. Es comen\u00e7a a definir la proposta did\u00e0ctica ODS utilitzant el m\u00e8tode <strong>Design Thinking<\/strong>.<\/p>\n<p>26 d&#8217;octubre de 2019<\/p>\n<p><a class=\"button\" href=\"https:\/\/projectes.xtec.cat\/xtcd\/sessions-2019-20\/sessio-1\/\">M\u00e9s informaci\u00f3<\/a><\/p>\n<\/div>\n<div class=\"wp-block-column sessio\" data-aos=\"fade-left\" data-aos-duration=\"1500\">\n<h2>Sessi\u00f3 2<\/h2>\n<h3>Aplicaci\u00f3 de les tecnologies digitals a les lleng\u00fces<a href=\"https:\/\/projectes.xtec.cat\/repo\/wp-content\/uploads\/usu2637\/2021\/08\/module.png\"><img loading=\"lazy\" decoding=\"async\" class=\"wp-image-9220 alignright\" src=\"https:\/\/projectes.xtec.cat\/repo\/wp-content\/uploads\/usu2637\/2021\/08\/module.png\" alt=\"\" width=\"190\" height=\"190\" \/><\/a><\/h3>\n<p>A m\u00e9s del tema principal, centrat en l&#8217;aplicaci\u00f3 de les tecnologies digitals a les lleng\u00fces, aquesta sessi\u00f3 inclou experi\u00e8ncies de centres sobre la <strong>transformaci\u00f3 digital <\/strong>i c\u00e0psules sobre la protecci\u00f3 de dades, seguretat i propietat intel\u00b7lectual.<\/p>\n<p>14 de desembre de 2019<\/p>\n<p><a class=\"button\" href=\"https:\/\/projectes.xtec.cat\/xtcd\/sessions-2019-20\/sessio-2\/\">M\u00e9s informaci\u00f3<\/a><\/p>\n<\/div>\n<\/div>\n<\/div>\n<div class=\"seccio\">\n<div class=\"wp-block-columns\">\n<div class=\"wp-block-column sessio\" data-aos=\"fade-right\" data-aos-duration=\"1500\">\n<h2>Sessi\u00f3 3<\/h2>\n<h3>Avaluaci\u00f3. Evid\u00e8ncies. Com avaluar. Recursos digitals<a href=\"https:\/\/projectes.xtec.cat\/repo\/wp-content\/uploads\/usu2637\/2021\/08\/eye-checked.png\"><img loading=\"lazy\" decoding=\"async\" class=\"wp-image-9209 alignright\" src=\"https:\/\/projectes.xtec.cat\/repo\/wp-content\/uploads\/usu2637\/2021\/08\/eye-checked.png\" alt=\"\" width=\"190\" height=\"190\" \/><\/a><\/h3>\n<p>En aquesta tercera sessi\u00f3 es proposen un seguit de recursos per a l&#8217;avaluaci\u00f3 que poden integrar-se dins les propostes did\u00e0ctiques que elaboren els diferents equips a les sessions del seminari. A m\u00e9s, s&#8217;inclou una c\u00e0psula sobre propietat intel\u00b7lectual.<\/p>\n<p>25 de gener de 2020<\/p>\n<p><a class=\"button\" href=\"https:\/\/projectes.xtec.cat\/xtcd\/sessions-2019-20\/sessio-3\/\">M\u00e9s informaci\u00f3<\/a><\/p>\n<\/div>\n<div class=\"wp-block-column sessio\" data-aos=\"fade-left\" data-aos-duration=\"1500\">\n<h2>Sessi\u00f3 4<\/h2>\n<h3>Tutoria entre iguals. Resoluci\u00f3 de dubtes sobre la proposta did\u00e0ctica<a href=\"https:\/\/projectes.xtec.cat\/repo\/wp-content\/uploads\/usu2637\/2021\/08\/icons8-document-480.png\"><img loading=\"lazy\" decoding=\"async\" class=\"wp-image-9207 alignright\" src=\"https:\/\/projectes.xtec.cat\/repo\/wp-content\/uploads\/usu2637\/2021\/08\/icons8-document-480.png\" alt=\"\" width=\"186\" height=\"186\" \/><\/a><\/h3>\n<p>En aquesta sessi\u00f3 es proposen din\u00e0miques per \u201cauditar\u201d, tan a dins de cada equip de treball com entre grups, les propostes did\u00e0ctiques que elaboren els diferents equips a les sessions del seminari. Tamb\u00e9 es proporciona una C\u00e0psula TV escolar.<\/p>\n<p>10 de maig de 2020<\/p>\n<p><!--<a class=\"button\" href=\"#\">M\u00e9s informaci\u00f3<\/a>--><\/p>\n<\/div>\n<\/div>\n<\/div>\n<div class=\"seccio\">\n<div class=\"wp-block-columns\">\n<div class=\"wp-block-column sessio\" data-aos=\"fade-right\" data-aos-duration=\"1000\">\n<h2>Sessi\u00f3 5<\/h2>\n<h3>Trobada final d&#8217;intercanvi d&#8217;experi\u00e8ncies<a href=\"https:\/\/projectes.xtec.cat\/repo\/wp-content\/uploads\/usu2637\/2021\/08\/playground.png\"><img loading=\"lazy\" decoding=\"async\" class=\"wp-image-9215 alignright\" src=\"https:\/\/projectes.xtec.cat\/repo\/wp-content\/uploads\/usu2637\/2021\/08\/playground.png\" alt=\"\" width=\"237\" height=\"237\" \/><\/a><\/h3>\n<p>En aquesta darrera sessi\u00f3 els participants comparteixen les seves propostes did\u00e0ctiques.<\/p>\n<p><!--<a class=\"button\" href=\"#\">M\u00e9s informaci\u00f3<\/a>--><\/p>\n<\/div>\n<div class=\"wp-block-column\">\u00a0<\/div>\n<\/div>\n<\/div>\n<\/div>\n<\/div><\/div><\/div><\/div><\/div>\n","protected":false},"excerpt":{"rendered":"","protected":false},"author":2,"featured_media":0,"parent":0,"menu_order":0,"comment_status":"closed","ping_status":"closed","template":"","meta":{"site-sidebar-layout":"no-sidebar","site-content-layout":"page-builder","ast-site-content-layout":"full-width-container","site-content-style":"unboxed","site-sidebar-style":"unboxed","ast-global-header-display":"","ast-banner-title-visibility":"","ast-main-header-display":"disabled","ast-hfb-above-header-display":"","ast-hfb-below-header-display":"","ast-hfb-mobile-header-display":"","site-post-title":"","ast-breadcrumbs-content":"","ast-featured-img":"","footer-sml-layout":"","theme-transparent-header-meta":"default","adv-header-id-meta":"9237","stick-header-meta":"default","header-above-stick-meta":"","header-main-stick-meta":"","header-below-stick-meta":"","astra-migrate-meta-layouts":"set","ast-page-background-enabled":"default","ast-page-background-meta":{"desktop":{"background-color":"","background-image":"","background-repeat":"repeat","background-position":"center center","background-size":"auto","background-attachment":"scroll","background-type":"","background-media":"","overlay-type":"","overlay-color":"","overlay-opacity":"","overlay-gradient":""},"tablet":{"background-color":"","background-image":"","background-repeat":"repeat","background-position":"center center","background-size":"auto","background-attachment":"scroll","background-type":"","background-media":"","overlay-type":"","overlay-color":"","overlay-opacity":"","overlay-gradient":""},"mobile":{"background-color":"","background-image":"","background-repeat":"repeat","background-position":"center center","background-size":"auto","background-attachment":"scroll","background-type":"","background-media":"","overlay-type":"","overlay-color":"","overlay-opacity":"","overlay-gradient":""}},"ast-content-background-meta":{"desktop":{"background-color":"var(--ast-global-color-5)","background-image":"","background-repeat":"repeat","background-position":"center center","background-size":"auto","background-attachment":"scroll","background-type":"","background-media":"","overlay-type":"","overlay-color":"","overlay-opacity":"","overlay-gradient":""},"tablet":{"background-color":"var(--ast-global-color-5)","background-image":"","background-repeat":"repeat","background-position":"center center","background-size":"auto","background-attachment":"scroll","background-type":"","background-media":"","overlay-type":"","overlay-color":"","overlay-opacity":"","overlay-gradient":""},"mobile":{"background-color":"var(--ast-global-color-5)","background-image":"","background-repeat":"repeat","background-position":"center center","background-size":"auto","background-attachment":"scroll","background-type":"","background-media":"","overlay-type":"","overlay-color":"","overlay-opacity":"","overlay-gradient":""}},"footnotes":""},"class_list":["post-9281","page","type-page","status-publish","hentry"],"_links":{"self":[{"href":"https:\/\/projectes.xtec.cat\/xtcd\/wp-json\/wp\/v2\/pages\/9281","targetHints":{"allow":["GET"]}}],"collection":[{"href":"https:\/\/projectes.xtec.cat\/xtcd\/wp-json\/wp\/v2\/pages"}],"about":[{"href":"https:\/\/projectes.xtec.cat\/xtcd\/wp-json\/wp\/v2\/types\/page"}],"author":[{"embeddable":true,"href":"https:\/\/projectes.xtec.cat\/xtcd\/wp-json\/wp\/v2\/users\/2"}],"replies":[{"embeddable":true,"href":"https:\/\/projectes.xtec.cat\/xtcd\/wp-json\/wp\/v2\/comments?post=9281"}],"version-history":[{"count":4,"href":"https:\/\/projectes.xtec.cat\/xtcd\/wp-json\/wp\/v2\/pages\/9281\/revisions"}],"predecessor-version":[{"id":13256,"href":"https:\/\/projectes.xtec.cat\/xtcd\/wp-json\/wp\/v2\/pages\/9281\/revisions\/13256"}],"wp:attachment":[{"href":"https:\/\/projectes.xtec.cat\/xtcd\/wp-json\/wp\/v2\/media?parent=9281"}],"curies":[{"name":"wp","href":"https:\/\/api.w.org\/{rel}","templated":true}]}}