{"id":9438,"date":"2021-09-12T16:16:53","date_gmt":"2021-09-12T14:16:53","guid":{"rendered":"https:\/\/projectes.xtec.cat\/xtcd\/?page_id=9438"},"modified":"2022-09-08T12:33:26","modified_gmt":"2022-09-08T10:33:26","slug":"sessio-de-presentacio","status":"publish","type":"page","link":"https:\/\/projectes.xtec.cat\/xtcd\/estrategia-digital-de-centre\/sessions-2021-22\/sessio-de-presentacio\/","title":{"rendered":"Sessi\u00f3 de presentaci\u00f3"},"content":{"rendered":"<div class=\"seccio\">\n<div class=\"wp-block-columns\">\n<div class=\"wp-block-column\" style=\"flex-basis:40%\">\n<h3>Data<\/h3>\n<p>16 de setembre de 2021, de 18:00 a 19:00 hores<\/p>\n<h3>Descripci\u00f3<\/h3>\n<p>En aquesta sessi\u00f3 es presentar\u00e0 la subxarxa de l&#8217;estrat\u00e8gia digital de centre posant el focus en:<\/p>\n<ul>\n<li>Els objectius de la subxarxa<\/li>\n<li>El marc competencial<\/li>\n<li>L\u2019estructura i organitzaci\u00f3 de l\u2019activitat formativa<\/li>\n<li>El Nus: espai de comunicaci\u00f3<\/li>\n<\/ul>\n<h3>Ponents<\/h3>\n<ul>\n<li>Pepi Garrote (\u00c0rea de Cultura digital, Departament d&#8217;Educaci\u00f3)\n<li>Jaume Feliu (\u00c0rea de Cultura digital, Departament d&#8217;Educaci\u00f3)\n<\/ul>\n<\/div>\n<div class=\"wp-block-column\" style=\"flex-basis:60%\">\n<div class=\"video-responsive\">\n<iframe style=\"border:2px solid #ff585d\" src=\"https:\/\/www.youtube.com\/embed\/GZHACd7sxBE\" frameborder=\"0\" allowfullscreen><\/iframe><br \/>\nSi no podeu veure el v\u00eddeo, aneu a: <a href=\"https:\/\/www.youtube.com\/watch?v=GZHACd7sxBE\" rel=\"noopener\" target=\"_blank\">https:\/\/www.youtube.com\/watch?v=GZHACd7sxBE<\/a>\n<\/div>\n<\/div>\n<\/div>\n<div class=\"wp-block-columns\">\n<div class=\"wp-block-column\">\n<h3>Recursos associats<\/h3>\n<div class=\"wp-block-columns\" style=\"padding:1em 0;\"><div class=\"wp-block-column\" style=\"flex-basis:5%\"><img decoding=\"async\" src=\"https:\/\/projectes.xtec.cat\/xtcd\/wp-content\/uploads\/usu1403\/2021\/09\/presen-cdd.jpg\"><\/div><div class=\"wp-block-column\" style=\"flex-basis:95%;margin-left:1em\"><a target=\"_blank\" href=\"https:\/\/docs.google.com\/presentation\/d\/e\/2PACX-1vSwKewcHca7kh1xeUiBih5wk8jrUN7NFesG2q4vxHJdongeVt6hPwmu72py-XOAJr-CLt40QwcAVhAL\/pub\">Presentaci\u00f3<\/a><\/div><\/div>\n<h3>Seminaris territorials associats<\/h3>\n<p>Podeu apuntar-vos als seminaris territorials, on s&#8217;aprofundiran i completaran els continguts i propostes dels seminaris webs:<\/p>\n<p><iframe style=\"width:100%;height:1000px\" src=\"https:\/\/aplicacions.gestioeducativa.gencat.cat\/pls\/soloas\/pk_for_mod_ins.p_for_pre_cons_activitats?p_any=2021-2022&#038;p_desc=Subxarxa%20territorial%20per%20a&#038;p_modalitat=30\"><\/iframe>\n<\/div>\n<\/div>\n<\/div>\n<\/div>\n","protected":false},"excerpt":{"rendered":"<p>Data 16 de setembre de 2021, de 18:00 a 19:00 hores Descripci\u00f3 En aquesta sessi\u00f3 es presentar\u00e0 la subxarxa de l&#8217;estrat\u00e8gia digital de centre posant el focus en: Els objectius de la subxarxa El marc competencial L\u2019estructura i organitzaci\u00f3 de l\u2019activitat formativa El Nus: espai de comunicaci\u00f3 Ponents Pepi Garrote (\u00c0rea de Cultura digital, Departament [&hellip;]<\/p>\n","protected":false},"author":2,"featured_media":0,"parent":9379,"menu_order":10,"comment_status":"closed","ping_status":"closed","template":"","meta":{"site-sidebar-layout":"no-sidebar","site-content-layout":"page-builder","ast-site-content-layout":"","site-content-style":"default","site-sidebar-style":"default","ast-global-header-display":"","ast-banner-title-visibility":"","ast-main-header-display":"disabled","ast-hfb-above-header-display":"","ast-hfb-below-header-display":"","ast-hfb-mobile-header-display":"","site-post-title":"","ast-breadcrumbs-content":"","ast-featured-img":"","footer-sml-layout":"","theme-transparent-header-meta":"default","adv-header-id-meta":"9237","stick-header-meta":"default","header-above-stick-meta":"","header-main-stick-meta":"","header-below-stick-meta":"","astra-migrate-meta-layouts":"default","ast-page-background-enabled":"default","ast-page-background-meta":{"desktop":{"background-color":"","background-image":"","background-repeat":"repeat","background-position":"center center","background-size":"auto","background-attachment":"scroll","background-type":"","background-media":"","overlay-type":"","overlay-color":"","overlay-opacity":"","overlay-gradient":""},"tablet":{"background-color":"","background-image":"","background-repeat":"repeat","background-position":"center center","background-size":"auto","background-attachment":"scroll","background-type":"","background-media":"","overlay-type":"","overlay-color":"","overlay-opacity":"","overlay-gradient":""},"mobile":{"background-color":"","background-image":"","background-repeat":"repeat","background-position":"center center","background-size":"auto","background-attachment":"scroll","background-type":"","background-media":"","overlay-type":"","overlay-color":"","overlay-opacity":"","overlay-gradient":""}},"ast-content-background-meta":{"desktop":{"background-color":"var(--ast-global-color-5)","background-image":"","background-repeat":"repeat","background-position":"center center","background-size":"auto","background-attachment":"scroll","background-type":"","background-media":"","overlay-type":"","overlay-color":"","overlay-opacity":"","overlay-gradient":""},"tablet":{"background-color":"var(--ast-global-color-5)","background-image":"","background-repeat":"repeat","background-position":"center center","background-size":"auto","background-attachment":"scroll","background-type":"","background-media":"","overlay-type":"","overlay-color":"","overlay-opacity":"","overlay-gradient":""},"mobile":{"background-color":"var(--ast-global-color-5)","background-image":"","background-repeat":"repeat","background-position":"center center","background-size":"auto","background-attachment":"scroll","background-type":"","background-media":"","overlay-type":"","overlay-color":"","overlay-opacity":"","overlay-gradient":""}},"footnotes":""},"class_list":["post-9438","page","type-page","status-publish","hentry"],"_links":{"self":[{"href":"https:\/\/projectes.xtec.cat\/xtcd\/wp-json\/wp\/v2\/pages\/9438","targetHints":{"allow":["GET"]}}],"collection":[{"href":"https:\/\/projectes.xtec.cat\/xtcd\/wp-json\/wp\/v2\/pages"}],"about":[{"href":"https:\/\/projectes.xtec.cat\/xtcd\/wp-json\/wp\/v2\/types\/page"}],"author":[{"embeddable":true,"href":"https:\/\/projectes.xtec.cat\/xtcd\/wp-json\/wp\/v2\/users\/2"}],"replies":[{"embeddable":true,"href":"https:\/\/projectes.xtec.cat\/xtcd\/wp-json\/wp\/v2\/comments?post=9438"}],"version-history":[{"count":3,"href":"https:\/\/projectes.xtec.cat\/xtcd\/wp-json\/wp\/v2\/pages\/9438\/revisions"}],"predecessor-version":[{"id":11079,"href":"https:\/\/projectes.xtec.cat\/xtcd\/wp-json\/wp\/v2\/pages\/9438\/revisions\/11079"}],"up":[{"embeddable":true,"href":"https:\/\/projectes.xtec.cat\/xtcd\/wp-json\/wp\/v2\/pages\/9379"}],"wp:attachment":[{"href":"https:\/\/projectes.xtec.cat\/xtcd\/wp-json\/wp\/v2\/media?parent=9438"}],"curies":[{"name":"wp","href":"https:\/\/api.w.org\/{rel}","templated":true}]}}